29?
-62b
In base 16, what is 1492 + 4?
1496
In base 6, what is 55 + 24033?
24132
In base 7, what is 242 - -612?
1154
In base 15, what is -1b + d126?
d10a
In base 12, what is -12 + 2187?
2175
In base 2, what is -10 - 1111100001010110000?
-1111100001010110010
In base 10, what is -59463 + 3?
-59460
In base 12, what is 3 - 21a1a?
-21a17
In base 7, what is 255062 + -5?
255054
In base 7, what is -62562 + -653?
-63545
In base 7, what is 641 - -50343?
51314
In base 12, what is -b633 - 2?
-b635
In base 11, what is -41a25 - 0?
-41a25
In base 3, what is 1220221110 + 0?
1220221110
In base 8, what is -2110157 - -4?
-2110153
In base 13, what is 5 - 324a?
-3245
In base 14, what is 417 + -215?
202
In base 13, what is 20757 - 7?
20750
In base 11, what is 1 - 268806?
-268805
In base 3, what is -211100010 - -21?
-211022212
In base 4, what is -31 - 232012003?
-232012100
In base 15, what is 135c - 39?
1323
In base 14, what is 4b - 259c?
-2551
In base 2, what is -100101101111 - -10?
-100101101101
In base 11, what is -1009031 - 5?
-1009036
In base 11, what is 4 - -28a91?
28a95
In base 11, what is 3 + 41408?
41410
In base 6, what is -55 - 202300?
-202355
In base 10, what is -15 - 235095?
-235110
In base 5, what is 30 + 1420203?
1420233
In base 11, what is -41845 - 4a?
-41894
In base 7, what is 4 + 166561?
166565
In base 12, what is 3 + 100315?
100318
In base 7, what is -3 + 364263?
364260
In base 4, what is -202030 + 10?
-202020
In base 11, what is 147702 + 1?
147703
In base 13, what is 100 + 13a?
23a
In base 8, what is -34316 + -30?
-34346
In base 5, what is 3033011 - -4?
3033020
In base 10, what is -471 + -1?
-472
In base 15, what is 0 + 4c1e?
4c1e
In base 12, what is 553b4 - -4?
553b8
In base 15, what is 4 - -910a?
910e
In base 11, what is -155 + 2483?
2329
In base 9, what is -201668 + 6?
-201662
In base 8, what is -263511 - 26?
-263537
In base 4, what is -21 - -3001203320?
3001203233
In base 12, what is -49 - 3852?
-389b
In base 11, what is -28a893 - 5?
-28a898
In base 9, what is 28743 + -3?
28740
In base 2, what is -10110 - 100100001000?
-100100011110
In base 10, what is -1555 - 158?
-1713
In base 15, what is -4 - -71db?
71d7
In base 6, what is -312 - -2333?
2021
In base 6, what is -2 - 345005?
-345011
In base 14, what is -4364d2 + -2?
-4364d4
In base 9, what is 631364 - -4?
631368
In base 2, what is 10 + -1100000011001111?
-1100000011001101
In base 11, what is 81144 + 4?
81148
In base 10, what is 2098 - -123?
2221
In base 13, what is 568c + 3?
5692
In base 14, what is -c149 + -3?
-c14c
In base 5, what is 0 - -13243?
13243
In base 7, what is 2564 + 143?
3040
In base 7, what is -1 + -14505?
-14506
In base 13, what is 6cc376 - 4?
6cc372
In base 10, what is 2 - -1208?
1210
In base 9, what is -18146 - 3?
-18150
In base 8, what is -250 + 21?
-227
In base 15, what is -27 + -cb?
-103
In base 2, what is -110110011111 + -101?
-110110100100
In base 16, what is -4 - -595?
591
In base 8, what is -21 - 760?
-1001
In base 4, what is -3303121 - -3012?
-3300103
In base 9, what is 62555 + -1?
62554
In base 14, what is -24cb + -13?
-2500
In base 10, what is -46417 + -13?
-46430
In base 12, what is 5 - 7490?
-7487
In base 5, what is -2430 + 42014?
34034
In base 15, what is -1269 + 15?
-1254
In base 13, what is b - 548b7?
-548a9
In base 5, what is 203444014 + -2?
203444012
In base 10, what is -800 - 88?
-888
In base 9, what is -1 - 35415?
-35416
In base 7, what is -3 - 142036?
-142042
In base 3, what is 121 - -12220210210?
12220211101
In base 16, what is -1d9f + 4?
-1d9b
In base 4, what is 1 + 323001?
323002
In base 9, what is 2086057 - -4?
2086062
In base 15, what is -3de - -2a?
-3b4
In base 4, what is -1121311 + -22?
-1121333
In base 6, what is -500531 + -2?
-500533
In base 5, what is -12444321 - 2?
-12444323
In base 16, what is -4d04 + 5?
-4cff
In base 4, what is 121 - -1011013?
1011200
In base 10, what is -2965 + -60?
-3025
In base 14, what is 2 - -6274a?
6274c
In base 16, what is 10 - -11646?
11656
In base 7, what is 2361112 + -5?
2361104
In base 3, what is -112221 - -2211110?
2021112
In base 7, what is -55513 + 434?
-55046
In base 10, what is 14 - 6503?
-6489
In base 13, what is -15b + -11a?
-278
In base 12, what is 14 - 4569?
-4555
In base 16, what is -75a2 + 27?
-757b
In base 13, what is -195 - -398?
203
In base 16, what is e + 48d?
49b
In base 2, what is 1011111101 - -10110?
1100010011
In base 7, what is -114650 - -52?
-114565
In base 5, what is -43113 + 31?
-43032
In base 7, what is 0 - -223652?
223652
In base 14, what is 408 + -30?
3b8
In base 12, what is -16b - 278?
-427
In base 4, what is 10 + -12033002?
-12032332
In base 8, what is -4 + 1034537?
1034533
In base 5, what is 0 - 1140034?
-1140034
In base 5, what is 2 - -24341010?
24341012
In base 5, what is 442344 - -20?
442414
In base 6, what is -13002 - 2222?
-15224
In base 2, what is -111100 + 1100000011010?
1011111011110
In base 8, what is 26 + -2440?
-2412
In base 4, what is 32222 + -22300?
3322
In base 16, what is 58 + 1c0?
218
In base 5, what is -14042301 + -1?
-14042302
In base 8, what is 1 + -503725?
-503724
In base 12, what is -12b3477 + 1?
-12b3476
In base 10, what is -1 - -24535?
24534
In base 11, what is 51 - -a46?
a97
In base 7, what is -1103 - 12260?
-13363
In base 7, what is 1 + -1462254?
-1462253
In base 15, what is 14 + -27562?
-2754d
In base 9, what is 254 + 4843?
5207
In base 9, what is 15 + -3444?
-3428
In base 15, what is 2eb + b6?
3b2
In base 14, what is -159 + 11d?
-3a
In base 8, what is 10622 + -6?
10614
In base 16, what is -15 + -13de?
-13f3
In base 6, what is 4 - 32103?
-32055
In base 16, what is 52 - d20?
-cce
In base 7, what is 1 + -31021?
-31020
In base 10, what is -16 + -17231?
-17247
In base 9, what is 186 - -403?
600
In base 5, what is 1143302003 - 4?
1143301444
In base 15, what is 1abc8 + 1?
1abc9
In base 13, what is -a62a - 10?
-a63a
In base 5, what is 12021314 - -1?
12021320
In base 2, what is -10 + 10111001101111?
10111001101101
In base 16, what is -41d4 - 16?
-41ea
In base 4, what is -110322 + 201231?
30303
In base 16, what is 3 - -1359?
135c
In base 14, what is 19b8 - 38?
1980
In base 3, what is 201 - 1200200201?
-1200200000
In base 8, what is 112 - -3141?
3253
In base 5, what is -1024 - 12?
-1041
In base 4, what is -1200030100 + 3?
-1200030031
In base 15, what is -23c1b - -5?
-23c16
In base 13, what is 53b + -154b?
-1010
In base 7, what is 1162 + 2523?
4015
In base 8, what is -4 - 13743?
-13747
In base 15, what is 4 + -acc6?
-acc2
In base 8, what is -11 - 41677?
-41710
In base 5, what is -44 - 2031?
-2130
In base 5, what is -442034 - 4?
-442043
In base 4, what is 13 + -1311111?
-1311032
In base 7, what is 206353 + -1?
206352
In base 6, what is 4 + -411130?
-411122
In base 8, what is 165436 + -2?
165434
In base 11, what is 3 + -88427?
-88424
In base 13, what is -9a - -a2?
5
In base 2, what is -101100100010101 - -100?
-101100100010001
In base 2, what is 1001110 + -1110?
1000000
In base 16, what is -5 + 177320?
17731b
In base 15, what is 4d285 - -2?
4d287
In base 7, what is -161 + -10135?
-10326
In base 10, what is 11969 - 6?
11963
In base 7, what is 3 + 1603425?
1603431
In base 10, what is -17773 - 12?
-17785
In base 11, what is -86a5 - -5?
-86a0
In base 13, what is -23b - -2?
-239
In base 6, what is -1035525 - 1?
-1035530
In base 13, what is 1b + 59b?
5b9
In base 2, what is -1010101010011 - -110?
-1010101001101
In base 3, what is 2210100021 - -10?
2210100101
In base 9, what is -3301 - 36?
-3337
In base 7, what is 500134 + -1?
500133
In base 4, what is 10 + 100221?
100231
In base 10, what is 10 + -1175?
-1165
In base 4, what is 1032102 + 1?
1032103
In base 5, what is 4 - -130034101?
130034110
In base 11, what is -9a1 + -11?
-a02
In base 3, what is 20111 + 1001?
21112
In base 8, what is -113 - -4035?
3722
In base 11, what is -3037534 - -1?
-3037533
In base 7, what is 5 - -10044113?
10044121
In base 2, what is 10000011010111 + -101?
10000011010010
In base 9, what is 118164 + 3?
118167
In base 12, what is 10a5 - -1b?
1104
In base 15, what is -13670 + -4?
-13674
In base 16, what is -3 - -1e97?
1e94
In base 5, what is 2 - -111133?
111140
In base 9, what is 80 + -12118?
-12028
In base 10, what is 267859 + -1?
267858
In base 13, what is 0 + -6a70a?
-6a70a
In base 6, what is -3 - 220411